{"id":154,"date":"2021-12-18T13:49:27","date_gmt":"2021-12-18T12:49:27","guid":{"rendered":"https:\/\/test.cyberdef.org\/?page_id=154"},"modified":"2022-01-27T12:15:45","modified_gmt":"2022-01-27T11:15:45","slug":"qui-sommes-nous","status":"publish","type":"page","link":"https:\/\/cyberdef.org\/index.php\/qui-sommes-nous\/","title":{"rendered":"Qui sommes-nous ?"},"content":{"rendered":"\t\t<div data-elementor-type=\"wp-page\" data-elementor-id=\"154\" class=\"elementor elementor-154\" data-elementor-settings=\"[]\">\n\t\t\t\t\t\t\t<div class=\"elementor-section-wrap\">\n\t\t\t\t\t\t\t<section class=\"elementor-section elementor-top-section elementor-element elementor-element-0fa8b5b elementor-section-boxed elementor-section-height-default elementor-section-height-default\" data-id=\"0fa8b5b\" data-element_type=\"section\">\n\t\t\t\t\t\t<div class=\"elementor-container elementor-column-gap-default\">\n\t\t\t\t\t<div class=\"elementor-column elementor-col-100 elementor-top-column elementor-element elementor-element-4de6beb\" data-id=\"4de6beb\" data-element_type=\"column\">\n\t\t\t<div class=\"elementor-widget-wrap elementor-element-populated\">\n\t\t\t\t\t\t\t\t<div class=\"elementor-element elementor-element-081dba3 elementor-widget elementor-widget-text-editor\" data-id=\"081dba3\" data-element_type=\"widget\" data-widget_type=\"text-editor.default\">\n\t\t\t\t<div class=\"elementor-widget-container\">\n\t\t\t<style>\/*! elementor - v3.5.0 - 12-12-2021 *\/\n.elementor-widget-text-editor.elementor-drop-cap-view-stacked .elementor-drop-cap{background-color:#818a91;color:#fff}.elementor-widget-text-editor.elementor-drop-cap-view-framed .elementor-drop-cap{color:#818a91;border:3px solid;background-color:transparent}.elementor-widget-text-editor:not(.elementor-drop-cap-view-default) .elementor-drop-cap{margin-top:8px}.elementor-widget-text-editor:not(.elementor-drop-cap-view-default) .elementor-drop-cap-letter{width:1em;height:1em}.elementor-widget-text-editor .elementor-drop-cap{float:left;text-align:center;line-height:1;font-size:50px}.elementor-widget-text-editor .elementor-drop-cap-letter{display:inline-block}<\/style>\t\t\t\t<p>Polymatheia est une association\u00a0(loi 1901) d&rsquo;int\u00e9r\u00eat g\u00e9n\u00e9ral qui lutte activement contre la fracture num\u00e9rique. \u00c9tablie \u00e0 Chamb\u00e9ry, elle \u0153uvre sur les Pays de Savoie pour faire d\u00e9couvrir les logiciels libres.<\/p><p>Chez Polymatheia, nous avons la conviction que l&rsquo;informatique peut \u00eatre utilis\u00e9e par tous, quel que soit son niveau, et doit \u00eatre partag\u00e9e entre tous. C&rsquo;est pourquoi nous nous effor\u00e7ons \u00e0 rendre le num\u00e9rique accessible pour tous .<\/p><p>Nous organisons chaque semaine des <a href=\"https:\/\/www.polymatheia.org\/index.php?page=Animations-numeriques\"><strong>animations num\u00e9riques<\/strong><\/a> gratuites et ouvertes \u00e0 tous :<\/p><ul><li>L&rsquo;<a href=\"https:\/\/www.polymatheia.org\/\"><strong>assistance solidaire<\/strong><\/a> : r\u00e9parez votre ordinateur autrement&#8230; Des probl\u00e8mes avec votre ordinateur sous Windows ou sous Linux ou avec votre tablette Android ? Venez \u00e0 nos ateliers \u00ab assistance solidaire \u00bb et nous verrons ensemble comment y rem\u00e9dier.<\/li><li>Les <a href=\"https:\/\/www.polymatheia.org\/\"><strong>mises en pratique<\/strong><\/a> : abordez l&rsquo;informatique autrement&#8230; Des s\u00e9ances ludiques et pratiques pour d\u00e9couvrir votre ordinateur, pour connecter des p\u00e9riph\u00e9riques ou pour apprendre de nouvelles fonctionnalit\u00e9s.<\/li><li>Les <a href=\"https:\/\/www.polymatheia.org\/\">pr\u00e9sentations<\/a> de CYBERDEFENSE@DATATECH : appr\u00e9hendez le num\u00e9rique autrement&#8230; Des ateliers plus th\u00e9oriques pour d\u00e9couvrir les sciences informatiques, pour d\u00e9crypter le monde du num\u00e9rique, pour vous informer sur les bonnes pratiques.<\/li><\/ul>\t\t\t\t\t\t<\/div>\n\t\t\t\t<\/div>\n\t\t\t\t\t<\/div>\n\t\t<\/div>\n\t\t\t\t\t\t\t<\/div>\n\t\t<\/section>\n\t\t\t\t\t\t<\/div>\n\t\t\t\t\t<\/div>\n\t\t","protected":false},"excerpt":{"rendered":"<p>Polymatheia est une association\u00a0(loi 1901) d&rsquo;int\u00e9r\u00eat g\u00e9n\u00e9ral qui lutte activement contre la fracture num\u00e9rique. \u00c9tablie \u00e0 Chamb\u00e9ry, elle \u0153uvre sur les Pays de Savoie pour faire d\u00e9couvrir les logiciels libres. Chez Polymatheia, nous avons la conviction que l&rsquo;informatique peut \u00eatre utilis\u00e9e par tous, quel que soit son niveau, et doit \u00eatre partag\u00e9e entre tous. C&rsquo;est&hellip; <br \/> <a class=\"read-more\" href=\"https:\/\/cyberdef.org\/index.php\/qui-sommes-nous\/\">Lire la suite<\/a><\/p>\n","protected":false},"author":1,"featured_media":0,"parent":0,"menu_order":0,"comment_status":"closed","ping_status":"closed","template":"","meta":{"_monsterinsights_skip_tracking":false,"_monsterinsights_sitenote_active":false,"_monsterinsights_sitenote_note":"","_monsterinsights_sitenote_category":0},"yoast_head":"<!-- This site is optimized with the Yoast SEO plugin v17.8 - https:\/\/yoast.com\/wordpress\/plugins\/seo\/ -->\n<title>Qui sommes-nous ? - CYBERDEFENSE@DATATECH<\/title>\n<meta name=\"robots\" content=\"index, follow, max-snippet:-1, max-image-preview:large, max-video-preview:-1\" \/>\n<link rel=\"canonical\" href=\"https:\/\/cyberdef.org\/index.php\/qui-sommes-nous\/\" \/>\n<meta property=\"og:locale\" content=\"fr_FR\" \/>\n<meta property=\"og:type\" content=\"article\" \/>\n<meta property=\"og:title\" content=\"Qui sommes-nous ? - CYBERDEFENSE@DATATECH\" \/>\n<meta property=\"og:description\" content=\"Polymatheia est une association\u00a0(loi 1901) d&rsquo;int\u00e9r\u00eat g\u00e9n\u00e9ral qui lutte activement contre la fracture num\u00e9rique. \u00c9tablie \u00e0 Chamb\u00e9ry, elle \u0153uvre sur les Pays de Savoie pour faire d\u00e9couvrir les logiciels libres. Chez Polymatheia, nous avons la conviction que l&rsquo;informatique peut \u00eatre utilis\u00e9e par tous, quel que soit son niveau, et doit \u00eatre partag\u00e9e entre tous. C&rsquo;est&hellip; Lire la suite\" \/>\n<meta property=\"og:url\" content=\"https:\/\/cyberdef.org\/index.php\/qui-sommes-nous\/\" \/>\n<meta property=\"og:site_name\" content=\"CYBERDEFENSE@DATATECH\" \/>\n<meta property=\"article:modified_time\" content=\"2022-01-27T11:15:45+00:00\" \/>\n<meta name=\"twitter:card\" content=\"summary_large_image\" \/>\n<meta name=\"twitter:label1\" content=\"Dur\u00e9e de lecture estim\u00e9e\" \/>\n\t<meta name=\"twitter:data1\" content=\"1 minute\" \/>\n<script type=\"application\/ld+json\" class=\"yoast-schema-graph\">{\"@context\":\"https:\/\/schema.org\",\"@graph\":[{\"@type\":\"WebSite\",\"@id\":\"https:\/\/cyberdef.org\/#website\",\"url\":\"https:\/\/cyberdef.org\/\",\"name\":\"CYBERDEFENSE@DATATECH\",\"description\":\"\",\"potentialAction\":[{\"@type\":\"SearchAction\",\"target\":{\"@type\":\"EntryPoint\",\"urlTemplate\":\"https:\/\/cyberdef.org\/?s={search_term_string}\"},\"query-input\":\"required name=search_term_string\"}],\"inLanguage\":\"fr-FR\"},{\"@type\":\"WebPage\",\"@id\":\"https:\/\/cyberdef.org\/index.php\/qui-sommes-nous\/#webpage\",\"url\":\"https:\/\/cyberdef.org\/index.php\/qui-sommes-nous\/\",\"name\":\"Qui sommes-nous ? - CYBERDEFENSE@DATATECH\",\"isPartOf\":{\"@id\":\"https:\/\/cyberdef.org\/#website\"},\"datePublished\":\"2021-12-18T12:49:27+00:00\",\"dateModified\":\"2022-01-27T11:15:45+00:00\",\"breadcrumb\":{\"@id\":\"https:\/\/cyberdef.org\/index.php\/qui-sommes-nous\/#breadcrumb\"},\"inLanguage\":\"fr-FR\",\"potentialAction\":[{\"@type\":\"ReadAction\",\"target\":[\"https:\/\/cyberdef.org\/index.php\/qui-sommes-nous\/\"]}]},{\"@type\":\"BreadcrumbList\",\"@id\":\"https:\/\/cyberdef.org\/index.php\/qui-sommes-nous\/#breadcrumb\",\"itemListElement\":[{\"@type\":\"ListItem\",\"position\":1,\"name\":\"Accueil\",\"item\":\"https:\/\/cyberdef.org\/\"},{\"@type\":\"ListItem\",\"position\":2,\"name\":\"Qui sommes-nous ?\"}]}]}<\/script>\n<!-- \/ Yoast SEO plugin. -->","yoast_head_json":{"title":"Qui sommes-nous ? - CYBERDEFENSE@DATATECH","robots":{"index":"index","follow":"follow","max-snippet":"max-snippet:-1","max-image-preview":"max-image-preview:large","max-video-preview":"max-video-preview:-1"},"canonical":"https:\/\/cyberdef.org\/index.php\/qui-sommes-nous\/","og_locale":"fr_FR","og_type":"article","og_title":"Qui sommes-nous ? - CYBERDEFENSE@DATATECH","og_description":"Polymatheia est une association\u00a0(loi 1901) d&rsquo;int\u00e9r\u00eat g\u00e9n\u00e9ral qui lutte activement contre la fracture num\u00e9rique. \u00c9tablie \u00e0 Chamb\u00e9ry, elle \u0153uvre sur les Pays de Savoie pour faire d\u00e9couvrir les logiciels libres. Chez Polymatheia, nous avons la conviction que l&rsquo;informatique peut \u00eatre utilis\u00e9e par tous, quel que soit son niveau, et doit \u00eatre partag\u00e9e entre tous. C&rsquo;est&hellip; Lire la suite","og_url":"https:\/\/cyberdef.org\/index.php\/qui-sommes-nous\/","og_site_name":"CYBERDEFENSE@DATATECH","article_modified_time":"2022-01-27T11:15:45+00:00","twitter_card":"summary_large_image","twitter_misc":{"Dur\u00e9e de lecture estim\u00e9e":"1 minute"},"schema":{"@context":"https:\/\/schema.org","@graph":[{"@type":"WebSite","@id":"https:\/\/cyberdef.org\/#website","url":"https:\/\/cyberdef.org\/","name":"CYBERDEFENSE@DATATECH","description":"","potentialAction":[{"@type":"SearchAction","target":{"@type":"EntryPoint","urlTemplate":"https:\/\/cyberdef.org\/?s={search_term_string}"},"query-input":"required name=search_term_string"}],"inLanguage":"fr-FR"},{"@type":"WebPage","@id":"https:\/\/cyberdef.org\/index.php\/qui-sommes-nous\/#webpage","url":"https:\/\/cyberdef.org\/index.php\/qui-sommes-nous\/","name":"Qui sommes-nous ? - CYBERDEFENSE@DATATECH","isPartOf":{"@id":"https:\/\/cyberdef.org\/#website"},"datePublished":"2021-12-18T12:49:27+00:00","dateModified":"2022-01-27T11:15:45+00:00","breadcrumb":{"@id":"https:\/\/cyberdef.org\/index.php\/qui-sommes-nous\/#breadcrumb"},"inLanguage":"fr-FR","potentialAction":[{"@type":"ReadAction","target":["https:\/\/cyberdef.org\/index.php\/qui-sommes-nous\/"]}]},{"@type":"BreadcrumbList","@id":"https:\/\/cyberdef.org\/index.php\/qui-sommes-nous\/#breadcrumb","itemListElement":[{"@type":"ListItem","position":1,"name":"Accueil","item":"https:\/\/cyberdef.org\/"},{"@type":"ListItem","position":2,"name":"Qui sommes-nous ?"}]}]}},"_links":{"self":[{"href":"https:\/\/cyberdef.org\/index.php\/wp-json\/wp\/v2\/pages\/154"}],"collection":[{"href":"https:\/\/cyberdef.org\/index.php\/wp-json\/wp\/v2\/pages"}],"about":[{"href":"https:\/\/cyberdef.org\/index.php\/wp-json\/wp\/v2\/types\/page"}],"author":[{"embeddable":true,"href":"https:\/\/cyberdef.org\/index.php\/wp-json\/wp\/v2\/users\/1"}],"replies":[{"embeddable":true,"href":"https:\/\/cyberdef.org\/index.php\/wp-json\/wp\/v2\/comments?post=154"}],"version-history":[{"count":13,"href":"https:\/\/cyberdef.org\/index.php\/wp-json\/wp\/v2\/pages\/154\/revisions"}],"predecessor-version":[{"id":217,"href":"https:\/\/cyberdef.org\/index.php\/wp-json\/wp\/v2\/pages\/154\/revisions\/217"}],"wp:attachment":[{"href":"https:\/\/cyberdef.org\/index.php\/wp-json\/wp\/v2\/media?parent=154"}],"curies":[{"name":"wp","href":"https:\/\/api.w.org\/{rel}","templated":true}]}}